{"id":136,"date":"2024-10-15T17:00:47","date_gmt":"2024-10-15T17:00:47","guid":{"rendered":"https:\/\/420monterrey.com\/?post_type=product&#038;p=136"},"modified":"2024-10-15T17:00:47","modified_gmt":"2024-10-15T17:00:47","slug":"1-onza-fruity-loops-og","status":"publish","type":"product","link":"https:\/\/420monterrey.com\/index.php\/producto\/1-onza-fruity-loops-og\/","title":{"rendered":"1 onza Fruity Loops OG"},"content":{"rendered":"<div class=\"row\">\n<div class=\"col-md-8\">\n<div class=\"text\">Fruit Loops, tambi\u00e9n conocida como\u00bb Fruit Loop Haze\u00bb, es una variedad de marihuana h\u00edbrida predominantemente indica que huele tan bien como suena, la Tucan se vende por separado. Esta deliciosa variedad apesta a sus genes recesivos de Grapefruit y Blueberry y lleva los efectos corporales moderados de la White Widow m\u00e1s all\u00e1 con cada bocanada. Este h\u00edbrido de alta potencia perdura y es ligeramente estimulante, pero en general, suave. Fruit Loops es un must-have para aquellos que buscan conversaciones embriagadoras y se encogen de hombros de los factores estresantes diarios.<\/div>\n<\/div>\n<\/div>\n<div id=\"list\"><\/div>\n","protected":false},"excerpt":{"rendered":"<p>Fruit Loops, tambi\u00e9n conocida como\u00bb Fruit Loop Haze\u00bb, es una variedad de marihuana h\u00edbrida predominantemente indica que huele tan bien como suena, la Tucan se vende por separado. Esta deliciosa variedad apesta a sus genes recesivos de Grapefruit y Blueberry y lleva los efectos corporales moderados de la White Widow m\u00e1s all\u00e1 con cada bocanada. [&hellip;]<\/p>\n","protected":false},"featured_media":29,"comment_status":"open","ping_status":"closed","template":"","meta":[],"product_brand":[],"product_cat":[17],"product_tag":[],"class_list":{"0":"post-136","1":"product","2":"type-product","3":"status-publish","4":"has-post-thumbnail","6":"product_cat-marihuana","8":"first","9":"instock","10":"sale","11":"shipping-taxable","12":"purchasable","13":"product-type-simple"},"yoast_head":"<!-- This site is optimized with the Yoast SEO plugin v25.2 - https:\/\/yoast.com\/wordpress\/plugins\/seo\/ -->\n<title>1 onza Fruity Loops OG - 420Monterrey - Marihuana Premium en Monterrey - 00528135669557 \u2013 Eva Whatsapp Whatsapp - Comprar Marihuana Premium Monterrey Nuevo Leon, 420 Monterrey, Comunidad Cannabica de Monterrey<\/title>\n<meta name=\"robots\" content=\"index, follow, max-snippet:-1, max-image-preview:large, max-video-preview:-1\" \/>\n<link rel=\"canonical\" href=\"https:\/\/420monterrey.com\/index.php\/producto\/1-onza-fruity-loops-og\/\" \/>\n<meta property=\"og:locale\" content=\"es_ES\" \/>\n<meta property=\"og:type\" content=\"article\" \/>\n<meta property=\"og:title\" content=\"1 onza Fruity Loops OG - 420Monterrey - Marihuana Premium en Monterrey - 00528135669557 \u2013 Eva Whatsapp Whatsapp - Comprar Marihuana Premium Monterrey Nuevo Leon, 420 Monterrey, Comunidad Cannabica de Monterrey\" \/>\n<meta property=\"og:description\" content=\"Fruit Loops, tambi\u00e9n conocida como\u00bb Fruit Loop Haze\u00bb, es una variedad de marihuana h\u00edbrida predominantemente indica que huele tan bien como suena, la Tucan se vende por separado. Esta deliciosa variedad apesta a sus genes recesivos de Grapefruit y Blueberry y lleva los efectos corporales moderados de la White Widow m\u00e1s all\u00e1 con cada bocanada. [&hellip;]\" \/>\n<meta property=\"og:url\" content=\"https:\/\/420monterrey.com\/index.php\/producto\/1-onza-fruity-loops-og\/\" \/>\n<meta property=\"og:site_name\" content=\"420Monterrey - Marihuana Premium en Monterrey - 00528135669557 \u2013 Eva Whatsapp Whatsapp - Comprar Marihuana Premium Monterrey Nuevo Leon, 420 Monterrey, Comunidad Cannabica de Monterrey\" \/>\n<meta property=\"og:image\" content=\"https:\/\/420monterrey.com\/wp-content\/uploads\/2024\/10\/white.jpg\" \/>\n\t<meta property=\"og:image:width\" content=\"960\" \/>\n\t<meta property=\"og:image:height\" content=\"960\" \/>\n\t<meta property=\"og:image:type\" content=\"image\/jpeg\" \/>\n<meta name=\"twitter:card\" content=\"summary_large_image\" \/>\n<meta name=\"twitter:label1\" content=\"Tiempo de lectura\" \/>\n\t<meta name=\"twitter:data1\" content=\"1 minuto\" \/>\n<script type=\"application\/ld+json\" class=\"yoast-schema-graph\">{\"@context\":\"https:\/\/schema.org\",\"@graph\":[{\"@type\":\"WebPage\",\"@id\":\"https:\/\/420monterrey.com\/index.php\/producto\/1-onza-fruity-loops-og\/\",\"url\":\"https:\/\/420monterrey.com\/index.php\/producto\/1-onza-fruity-loops-og\/\",\"name\":\"1 onza Fruity Loops OG - 420Monterrey - Marihuana Premium en Monterrey - 00528135669557 \u2013 Eva Whatsapp Whatsapp - Comprar Marihuana Premium Monterrey Nuevo Leon, 420 Monterrey, Comunidad Cannabica de Monterrey\",\"isPartOf\":{\"@id\":\"https:\/\/420monterrey.com\/#website\"},\"primaryImageOfPage\":{\"@id\":\"https:\/\/420monterrey.com\/index.php\/producto\/1-onza-fruity-loops-og\/#primaryimage\"},\"image\":{\"@id\":\"https:\/\/420monterrey.com\/index.php\/producto\/1-onza-fruity-loops-og\/#primaryimage\"},\"thumbnailUrl\":\"https:\/\/420monterrey.com\/wp-content\/uploads\/2024\/10\/white.jpg\",\"datePublished\":\"2024-10-15T17:00:47+00:00\",\"breadcrumb\":{\"@id\":\"https:\/\/420monterrey.com\/index.php\/producto\/1-onza-fruity-loops-og\/#breadcrumb\"},\"inLanguage\":\"es\",\"potentialAction\":[{\"@type\":\"ReadAction\",\"target\":[\"https:\/\/420monterrey.com\/index.php\/producto\/1-onza-fruity-loops-og\/\"]}]},{\"@type\":\"ImageObject\",\"inLanguage\":\"es\",\"@id\":\"https:\/\/420monterrey.com\/index.php\/producto\/1-onza-fruity-loops-og\/#primaryimage\",\"url\":\"https:\/\/420monterrey.com\/wp-content\/uploads\/2024\/10\/white.jpg\",\"contentUrl\":\"https:\/\/420monterrey.com\/wp-content\/uploads\/2024\/10\/white.jpg\",\"width\":960,\"height\":960},{\"@type\":\"BreadcrumbList\",\"@id\":\"https:\/\/420monterrey.com\/index.php\/producto\/1-onza-fruity-loops-og\/#breadcrumb\",\"itemListElement\":[{\"@type\":\"ListItem\",\"position\":1,\"name\":\"Portada\",\"item\":\"https:\/\/420monterrey.com\/\"},{\"@type\":\"ListItem\",\"position\":2,\"name\":\"1 onza Fruity Loops OG\"}]},{\"@type\":\"WebSite\",\"@id\":\"https:\/\/420monterrey.com\/#website\",\"url\":\"https:\/\/420monterrey.com\/\",\"name\":\"420Monterrey - Marihuana Premium en Monterrey - 00528135669557 \u2013 Eva Whatsapp Whatsapp - Comprar Marihuana Premium Monterrey Nuevo Leon, 420 Monterrey, Comunidad Cannabica de Monterrey\",\"description\":\"comprar cannabis Monterrey, cannabis legal Monterrey, tiendas de cannabis Monterrey, venta de cannabis Nuevo Le\u00f3n, comprar marihuana Monterrey, cannabis medicinal Monterrey, cannabis recreativo Monterrey, productos de cannabis Monterrey, acceso a cannabis Monterrey, dispensarios de cannabis Monterrey, flores de cannabis Monterrey, aceite de cannabis Monterrey, comestibles de cannabis Monterrey, concentrados de cannabis Monterrey, productos de CBD Monterrey,\",\"publisher\":{\"@id\":\"https:\/\/420monterrey.com\/#organization\"},\"potentialAction\":[{\"@type\":\"SearchAction\",\"target\":{\"@type\":\"EntryPoint\",\"urlTemplate\":\"https:\/\/420monterrey.com\/?s={search_term_string}\"},\"query-input\":{\"@type\":\"PropertyValueSpecification\",\"valueRequired\":true,\"valueName\":\"search_term_string\"}}],\"inLanguage\":\"es\"},{\"@type\":\"Organization\",\"@id\":\"https:\/\/420monterrey.com\/#organization\",\"name\":\"420Monterrey - Marihuana Premium en Monterrey - 00528135669557 \u2013 Eva Whatsapp Whatsapp - Comprar Marihuana Premium Monterrey Nuevo Leon, 420 Monterrey, Comunidad Cannabica de Monterrey\",\"url\":\"https:\/\/420monterrey.com\/\",\"logo\":{\"@type\":\"ImageObject\",\"inLanguage\":\"es\",\"@id\":\"https:\/\/420monterrey.com\/#\/schema\/logo\/image\/\",\"url\":\"https:\/\/420monterrey.com\/wp-content\/uploads\/2024\/10\/cropped-420mty1-1.jpg\",\"contentUrl\":\"https:\/\/420monterrey.com\/wp-content\/uploads\/2024\/10\/cropped-420mty1-1.jpg\",\"width\":225,\"height\":225,\"caption\":\"420Monterrey - Marihuana Premium en Monterrey - 00528135669557 \u2013 Eva Whatsapp Whatsapp - Comprar Marihuana Premium Monterrey Nuevo Leon, 420 Monterrey, Comunidad Cannabica de Monterrey\"},\"image\":{\"@id\":\"https:\/\/420monterrey.com\/#\/schema\/logo\/image\/\"}}]}<\/script>\n<!-- \/ Yoast SEO plugin. -->","yoast_head_json":{"title":"1 onza Fruity Loops OG - 420Monterrey - Marihuana Premium en Monterrey - 00528135669557 \u2013 Eva Whatsapp Whatsapp - Comprar Marihuana Premium Monterrey Nuevo Leon, 420 Monterrey, Comunidad Cannabica de Monterrey","robots":{"index":"index","follow":"follow","max-snippet":"max-snippet:-1","max-image-preview":"max-image-preview:large","max-video-preview":"max-video-preview:-1"},"canonical":"https:\/\/420monterrey.com\/index.php\/producto\/1-onza-fruity-loops-og\/","og_locale":"es_ES","og_type":"article","og_title":"1 onza Fruity Loops OG - 420Monterrey - Marihuana Premium en Monterrey - 00528135669557 \u2013 Eva Whatsapp Whatsapp - Comprar Marihuana Premium Monterrey Nuevo Leon, 420 Monterrey, Comunidad Cannabica de Monterrey","og_description":"Fruit Loops, tambi\u00e9n conocida como\u00bb Fruit Loop Haze\u00bb, es una variedad de marihuana h\u00edbrida predominantemente indica que huele tan bien como suena, la Tucan se vende por separado. Esta deliciosa variedad apesta a sus genes recesivos de Grapefruit y Blueberry y lleva los efectos corporales moderados de la White Widow m\u00e1s all\u00e1 con cada bocanada. [&hellip;]","og_url":"https:\/\/420monterrey.com\/index.php\/producto\/1-onza-fruity-loops-og\/","og_site_name":"420Monterrey - Marihuana Premium en Monterrey - 00528135669557 \u2013 Eva Whatsapp Whatsapp - Comprar Marihuana Premium Monterrey Nuevo Leon, 420 Monterrey, Comunidad Cannabica de Monterrey","og_image":[{"width":960,"height":960,"url":"https:\/\/420monterrey.com\/wp-content\/uploads\/2024\/10\/white.jpg","type":"image\/jpeg"}],"twitter_card":"summary_large_image","twitter_misc":{"Tiempo de lectura":"1 minuto"},"schema":{"@context":"https:\/\/schema.org","@graph":[{"@type":"WebPage","@id":"https:\/\/420monterrey.com\/index.php\/producto\/1-onza-fruity-loops-og\/","url":"https:\/\/420monterrey.com\/index.php\/producto\/1-onza-fruity-loops-og\/","name":"1 onza Fruity Loops OG - 420Monterrey - Marihuana Premium en Monterrey - 00528135669557 \u2013 Eva Whatsapp Whatsapp - Comprar Marihuana Premium Monterrey Nuevo Leon, 420 Monterrey, Comunidad Cannabica de Monterrey","isPartOf":{"@id":"https:\/\/420monterrey.com\/#website"},"primaryImageOfPage":{"@id":"https:\/\/420monterrey.com\/index.php\/producto\/1-onza-fruity-loops-og\/#primaryimage"},"image":{"@id":"https:\/\/420monterrey.com\/index.php\/producto\/1-onza-fruity-loops-og\/#primaryimage"},"thumbnailUrl":"https:\/\/420monterrey.com\/wp-content\/uploads\/2024\/10\/white.jpg","datePublished":"2024-10-15T17:00:47+00:00","breadcrumb":{"@id":"https:\/\/420monterrey.com\/index.php\/producto\/1-onza-fruity-loops-og\/#breadcrumb"},"inLanguage":"es","potentialAction":[{"@type":"ReadAction","target":["https:\/\/420monterrey.com\/index.php\/producto\/1-onza-fruity-loops-og\/"]}]},{"@type":"ImageObject","inLanguage":"es","@id":"https:\/\/420monterrey.com\/index.php\/producto\/1-onza-fruity-loops-og\/#primaryimage","url":"https:\/\/420monterrey.com\/wp-content\/uploads\/2024\/10\/white.jpg","contentUrl":"https:\/\/420monterrey.com\/wp-content\/uploads\/2024\/10\/white.jpg","width":960,"height":960},{"@type":"BreadcrumbList","@id":"https:\/\/420monterrey.com\/index.php\/producto\/1-onza-fruity-loops-og\/#breadcrumb","itemListElement":[{"@type":"ListItem","position":1,"name":"Portada","item":"https:\/\/420monterrey.com\/"},{"@type":"ListItem","position":2,"name":"1 onza Fruity Loops OG"}]},{"@type":"WebSite","@id":"https:\/\/420monterrey.com\/#website","url":"https:\/\/420monterrey.com\/","name":"420Monterrey - Marihuana Premium en Monterrey - 00528135669557 \u2013 Eva Whatsapp Whatsapp - Comprar Marihuana Premium Monterrey Nuevo Leon, 420 Monterrey, Comunidad Cannabica de Monterrey","description":"comprar cannabis Monterrey, cannabis legal Monterrey, tiendas de cannabis Monterrey, venta de cannabis Nuevo Le\u00f3n, comprar marihuana Monterrey, cannabis medicinal Monterrey, cannabis recreativo Monterrey, productos de cannabis Monterrey, acceso a cannabis Monterrey, dispensarios de cannabis Monterrey, flores de cannabis Monterrey, aceite de cannabis Monterrey, comestibles de cannabis Monterrey, concentrados de cannabis Monterrey, productos de CBD Monterrey,","publisher":{"@id":"https:\/\/420monterrey.com\/#organization"},"potentialAction":[{"@type":"SearchAction","target":{"@type":"EntryPoint","urlTemplate":"https:\/\/420monterrey.com\/?s={search_term_string}"},"query-input":{"@type":"PropertyValueSpecification","valueRequired":true,"valueName":"search_term_string"}}],"inLanguage":"es"},{"@type":"Organization","@id":"https:\/\/420monterrey.com\/#organization","name":"420Monterrey - Marihuana Premium en Monterrey - 00528135669557 \u2013 Eva Whatsapp Whatsapp - Comprar Marihuana Premium Monterrey Nuevo Leon, 420 Monterrey, Comunidad Cannabica de Monterrey","url":"https:\/\/420monterrey.com\/","logo":{"@type":"ImageObject","inLanguage":"es","@id":"https:\/\/420monterrey.com\/#\/schema\/logo\/image\/","url":"https:\/\/420monterrey.com\/wp-content\/uploads\/2024\/10\/cropped-420mty1-1.jpg","contentUrl":"https:\/\/420monterrey.com\/wp-content\/uploads\/2024\/10\/cropped-420mty1-1.jpg","width":225,"height":225,"caption":"420Monterrey - Marihuana Premium en Monterrey - 00528135669557 \u2013 Eva Whatsapp Whatsapp - Comprar Marihuana Premium Monterrey Nuevo Leon, 420 Monterrey, Comunidad Cannabica de Monterrey"},"image":{"@id":"https:\/\/420monterrey.com\/#\/schema\/logo\/image\/"}}]}},"jetpack_sharing_enabled":true,"_links":{"self":[{"href":"https:\/\/420monterrey.com\/index.php\/wp-json\/wp\/v2\/product\/136","targetHints":{"allow":["GET"]}}],"collection":[{"href":"https:\/\/420monterrey.com\/index.php\/wp-json\/wp\/v2\/product"}],"about":[{"href":"https:\/\/420monterrey.com\/index.php\/wp-json\/wp\/v2\/types\/product"}],"replies":[{"embeddable":true,"href":"https:\/\/420monterrey.com\/index.php\/wp-json\/wp\/v2\/comments?post=136"}],"wp:featuredmedia":[{"embeddable":true,"href":"https:\/\/420monterrey.com\/index.php\/wp-json\/wp\/v2\/media\/29"}],"wp:attachment":[{"href":"https:\/\/420monterrey.com\/index.php\/wp-json\/wp\/v2\/media?parent=136"}],"wp:term":[{"taxonomy":"product_brand","embeddable":true,"href":"https:\/\/420monterrey.com\/index.php\/wp-json\/wp\/v2\/product_brand?post=136"},{"taxonomy":"product_cat","embeddable":true,"href":"https:\/\/420monterrey.com\/index.php\/wp-json\/wp\/v2\/product_cat?post=136"},{"taxonomy":"product_tag","embeddable":true,"href":"https:\/\/420monterrey.com\/index.php\/wp-json\/wp\/v2\/product_tag?post=136"}],"curies":[{"name":"wp","href":"https:\/\/api.w.org\/{rel}","templated":true}]}}