{"id":174,"date":"2024-10-15T17:36:19","date_gmt":"2024-10-15T17:36:19","guid":{"rendered":"https:\/\/420monterrey.com\/?page_id=174"},"modified":"2024-10-15T17:36:19","modified_gmt":"2024-10-15T17:36:19","slug":"metatags1","status":"publish","type":"page","link":"https:\/\/420monterrey.com\/index.php\/metatags1\/","title":{"rendered":"metatags1"},"content":{"rendered":"<p>cannabis Monterrey, marihuana Monterrey, mota Monterrey, cannabis en Monterrey, marihuana en Monterrey, mota en Monterrey, dispensario cannabis Monterrey, tienda de cannabis Monterrey, compra de cannabis Monterrey, entrega de cannabis Monterrey, productos de cannabis Monterrey, cannabis medicinal Monterrey, marihuana medicinal Monterrey, mota medicinal Monterrey, dispensario de marihuana Monterrey, tienda de marihuana Monterrey, compra de marihuana Monterrey, entrega de marihuana Monterrey, productos de marihuana Monterrey, marihuana recreativa Monterrey, mota recreativa Monterrey, servicios de cannabis Monterrey, productos cann\u00e1bicos Monterrey, marihuana\u00a0<span class=\"hljs-selector-tag\">a<\/span>\u00a0domicilio Monterrey, mota\u00a0<span class=\"hljs-selector-tag\">a<\/span>\u00a0domicilio Monterrey, cannabis\u00a0<span class=\"hljs-selector-tag\">a<\/span>\u00a0domicilio Monterrey, cannabis en San Pedro Garza Garc\u00ed<span class=\"hljs-selector-tag\">a<\/span>, marihuana en San Pedro Garza Garc\u00ed<span class=\"hljs-selector-tag\">a<\/span>, mota en San Pedro Garza Garc\u00ed<span class=\"hljs-selector-tag\">a<\/span>, dispensario cannabis San Pedro Garza Garc\u00ed<span class=\"hljs-selector-tag\">a<\/span>, tienda de cannabis San Pedro Garza Garc\u00ed<span class=\"hljs-selector-tag\">a<\/span>, compra de cannabis San Pedro Garza Garc\u00ed<span class=\"hljs-selector-tag\">a<\/span>, entrega de cannabis San Pedro Garza Garc\u00ed<span class=\"hljs-selector-tag\">a<\/span>, productos de cannabis San Pedro Garza Garc\u00ed<span class=\"hljs-selector-tag\">a<\/span>, cannabis medicinal San Pedro Garza Garc\u00ed<span class=\"hljs-selector-tag\">a<\/span>, marihuana medicinal San Pedro Garza Garc\u00ed<span class=\"hljs-selector-tag\">a<\/span>, mota medicinal San Pedro Garza Garc\u00ed<span class=\"hljs-selector-tag\">a<\/span>, dispensario de marihuana San Pedro Garza Garc\u00ed<span class=\"hljs-selector-tag\">a<\/span>, tienda de marihuana San Pedro Garza Garc\u00ed<span class=\"hljs-selector-tag\">a<\/span>, compra de marihuana San Pedro Garza Garc\u00ed<span class=\"hljs-selector-tag\">a<\/span>, entrega de marihuana San Pedro Garza Garc\u00ed<span class=\"hljs-selector-tag\">a<\/span>, productos de marihuana San Pedro Garza Garc\u00ed<span class=\"hljs-selector-tag\">a<\/span>, marihuana recreativa San Pedro Garza Garc\u00ed<span class=\"hljs-selector-tag\">a<\/span>, mota recreativa San Pedro Garza Garc\u00ed<span class=\"hljs-selector-tag\">a<\/span>, servicios de cannabis San Pedro Garza Garc\u00ed<span class=\"hljs-selector-tag\">a<\/span>, productos cann\u00e1bicos San Pedro Garza Garc\u00ed<span class=\"hljs-selector-tag\">a<\/span>, marihuana\u00a0<span class=\"hljs-selector-tag\">a<\/span>\u00a0domicilio San Pedro Garza Garc\u00ed<span class=\"hljs-selector-tag\">a<\/span>, mota\u00a0<span class=\"hljs-selector-tag\">a<\/span>\u00a0domicilio San Pedro Garza Garc\u00ed<span class=\"hljs-selector-tag\">a<\/span>, cannabis\u00a0<span class=\"hljs-selector-tag\">a<\/span>\u00a0domicilio San Pedro Garza Garc\u00ed<span class=\"hljs-selector-tag\">a<\/span>, cannabis en San Nicol\u00e1s de los Garza, marihuana en San Nicol\u00e1s de los Garza, mota en San Nicol\u00e1s de los Garza, dispensario cannabis San Nicol\u00e1s de los Garza, tienda de cannabis San Nicol\u00e1s de los Garza, compra de cannabis San Nicol\u00e1s de los Garza, entrega de cannabis San Nicol\u00e1s de los Garza, productos de cannabis San Nicol\u00e1s de los Garza, cannabis medicinal San Nicol\u00e1s de los Garza, marihuana medicinal San Nicol\u00e1s de los Garza, mota medicinal San Nicol\u00e1s de los Garza, dispensario de marihuana San Nicol\u00e1s de los Garza, tienda de marihuana San Nicol\u00e1s de los Garza, compra de marihuana San Nicol\u00e1s de los Garza, entrega de marihuana San Nicol\u00e1s de los Garza, productos de marihuana San Nicol\u00e1s de los Garza, marihuana recreativa San Nicol\u00e1s de los Garza, mota recreativa San Nicol\u00e1s de los Garza, servicios de cannabis San Nicol\u00e1s de los Garza, productos cann\u00e1bicos San Nicol\u00e1s de los Garza, marihuana\u00a0<span class=\"hljs-selector-tag\">a<\/span>\u00a0domicilio San Nicol\u00e1s de los Garza, mota\u00a0<span class=\"hljs-selector-tag\">a<\/span>\u00a0domicilio San Nicol\u00e1s de los Garza, cannabis\u00a0<span class=\"hljs-selector-tag\">a<\/span>\u00a0domicilio San Nicol\u00e1s de los Garza, cannabis en Monterrey Centro, marihuana en Monterrey Centro, mota en Monterrey Centro, dispensario cannabis Monterrey Centro, tienda de cannabis Monterrey Centro, compra de cannabis Monterrey Centro, entrega de cannabis Monterrey Centro, productos de cannabis Monterrey Centro, cannabis medicinal Monterrey Centro, marihuana medicinal Monterrey Centro, mota medicinal Monterrey Centro, dispensario de marihuana Monterrey Centro, tienda de marihuana Monterrey Centro, compra de marihuana Monterrey Centro, entrega de marihuana Monterrey Centro, productos de marihuana Monterrey Centro, marihuana recreativa Monterrey Centro, mota recreativa Monterrey Centro, servicios de cannabis Monterrey Centro, productos cann\u00e1bicos Monterrey Centro, marihuana\u00a0<span class=\"hljs-selector-tag\">a<\/span>\u00a0domicilio Monterrey Centro, mota\u00a0<span class=\"hljs-selector-tag\">a<\/span>\u00a0domicilio Monterrey Centro, cannabis\u00a0<span class=\"hljs-selector-tag\">a<\/span>\u00a0domicilio Monterrey Centro, cannabis en Apodaca, marihuana en Apodaca, mota en Apodaca, dispensario cannabis Apodaca, tienda de cannabis Apodaca, compra de cannabis Apodaca, entrega de cannabis Apodaca, productos de cannabis Apodaca, cannabis medicinal Apodaca, marihuana medicinal Apodaca, mota medicinal Apodaca, dispensario de marihuana Apodaca, tienda de marihuana Apodaca, compra de marihuana Apodaca, entrega de marihuana Apodaca, productos de marihuana Apodaca, marihuana recreativa Apodaca, mota recreativa Apodaca, servicios de cannabis Apodaca, productos cann\u00e1bicos Apodaca, marihuana\u00a0<span class=\"hljs-selector-tag\">a<\/span>\u00a0domicilio Apodaca, mota\u00a0<span class=\"hljs-selector-tag\">a<\/span>\u00a0domicilio Apodaca, cannabis\u00a0<span class=\"hljs-selector-tag\">a<\/span>\u00a0domicilio Apodaca, cannabis en Guadalupe, marihuana en Guadalupe, mota en Guadalupe, dispensario cannabis Guadalupe, tienda de cannabis Guadalupe, compra de cannabis Guadalupe, entrega de cannabis Guadalupe, productos de cannabis Guadalupe, cannabis medicinal Guadalupe, marihuana medicinal Guadalupe, mota medicinal Guadalupe, dispensario de marihuana Guadalupe, tienda de marihuana Guadalupe, compra de marihuana Guadalupe, entrega de marihuana Guadalupe, productos de marihuana Guadalupe, marihuana recreativa Guadalupe, mota recreativa Guadalupe, servicios de cannabis Guadalupe, productos cann\u00e1bicos Guadalupe, marihuana\u00a0<span class=\"hljs-selector-tag\">a<\/span>\u00a0domicilio Guadalupe, mota\u00a0<span class=\"hljs-selector-tag\">a<\/span>\u00a0domicilio Guadalupe, cannabis\u00a0<span class=\"hljs-selector-tag\">a<\/span>\u00a0domicilio Guadalupe, cannabis en San Nicol\u00e1s, marihuana en San Nicol\u00e1s, mota en San Nicol\u00e1s, dispensario cannabis San Nicol\u00e1s, tienda de cannabis San Nicol\u00e1s, compra de cannabis San Nicol\u00e1s, entrega de cannabis San Nicol\u00e1s, productos de cannabis San Nicol\u00e1s, cannabis medicinal San Nicol\u00e1s, marihuana medicinal San Nicol\u00e1s, mota medicinal San Nicol\u00e1s, dispensario de marihuana San Nicol\u00e1s, tienda de marihuana San Nicol\u00e1s, compra de marihuana San Nicol\u00e1s, entrega de<\/p>\n","protected":false},"excerpt":{"rendered":"<p>cannabis Monterrey, marihuana Monterrey, mota Monterrey, cannabis en Monterrey, marihuana en Monterrey, mota en Monterrey, dispensario cannabis Monterrey, tienda de cannabis Monterrey, compra de cannabis Monterrey, entrega de cannabis Monterrey, productos de cannabis Monterrey, cannabis medicinal Monterrey, marihuana medicinal Monterrey, mota medicinal Monterrey, dispensario de marihuana Monterrey, tienda de marihuana Monterrey, compra de marihuana Monterrey, [&hellip;]<\/p>\n","protected":false},"author":1,"featured_media":0,"parent":0,"menu_order":0,"comment_status":"closed","ping_status":"closed","template":"","meta":{"footnotes":""},"class_list":["post-174","page","type-page","status-publish","hentry"],"yoast_head":"<!-- This site is optimized with the Yoast SEO plugin v25.2 - https:\/\/yoast.com\/wordpress\/plugins\/seo\/ -->\n<title>metatags1 - 420Monterrey - Marihuana Premium en Monterrey - 00528135669557 \u2013 Eva Whatsapp Whatsapp - Comprar Marihuana Premium Monterrey Nuevo Leon, 420 Monterrey, Comunidad Cannabica de Monterrey<\/title>\n<meta name=\"robots\" content=\"index, follow, max-snippet:-1, max-image-preview:large, max-video-preview:-1\" \/>\n<link rel=\"canonical\" href=\"https:\/\/420monterrey.com\/index.php\/metatags1\/\" \/>\n<meta property=\"og:locale\" content=\"es_ES\" \/>\n<meta property=\"og:type\" content=\"article\" \/>\n<meta property=\"og:title\" content=\"metatags1 - 420Monterrey - Marihuana Premium en Monterrey - 00528135669557 \u2013 Eva Whatsapp Whatsapp - Comprar Marihuana Premium Monterrey Nuevo Leon, 420 Monterrey, Comunidad Cannabica de Monterrey\" \/>\n<meta property=\"og:description\" content=\"cannabis Monterrey, marihuana Monterrey, mota Monterrey, cannabis en Monterrey, marihuana en Monterrey, mota en Monterrey, dispensario cannabis Monterrey, tienda de cannabis Monterrey, compra de cannabis Monterrey, entrega de cannabis Monterrey, productos de cannabis Monterrey, cannabis medicinal Monterrey, marihuana medicinal Monterrey, mota medicinal Monterrey, dispensario de marihuana Monterrey, tienda de marihuana Monterrey, compra de marihuana Monterrey, [&hellip;]\" \/>\n<meta property=\"og:url\" content=\"https:\/\/420monterrey.com\/index.php\/metatags1\/\" \/>\n<meta property=\"og:site_name\" content=\"420Monterrey - Marihuana Premium en Monterrey - 00528135669557 \u2013 Eva Whatsapp Whatsapp - Comprar Marihuana Premium Monterrey Nuevo Leon, 420 Monterrey, Comunidad Cannabica de Monterrey\" \/>\n<meta name=\"twitter:card\" content=\"summary_large_image\" \/>\n<script type=\"application\/ld+json\" class=\"yoast-schema-graph\">{\"@context\":\"https:\/\/schema.org\",\"@graph\":[{\"@type\":\"WebPage\",\"@id\":\"https:\/\/420monterrey.com\/index.php\/metatags1\/\",\"url\":\"https:\/\/420monterrey.com\/index.php\/metatags1\/\",\"name\":\"metatags1 - 420Monterrey - Marihuana Premium en Monterrey - 00528135669557 \u2013 Eva Whatsapp Whatsapp - Comprar Marihuana Premium Monterrey Nuevo Leon, 420 Monterrey, Comunidad Cannabica de Monterrey\",\"isPartOf\":{\"@id\":\"https:\/\/420monterrey.com\/#website\"},\"datePublished\":\"2024-10-15T17:36:19+00:00\",\"breadcrumb\":{\"@id\":\"https:\/\/420monterrey.com\/index.php\/metatags1\/#breadcrumb\"},\"inLanguage\":\"es\",\"potentialAction\":[{\"@type\":\"ReadAction\",\"target\":[\"https:\/\/420monterrey.com\/index.php\/metatags1\/\"]}]},{\"@type\":\"BreadcrumbList\",\"@id\":\"https:\/\/420monterrey.com\/index.php\/metatags1\/#breadcrumb\",\"itemListElement\":[{\"@type\":\"ListItem\",\"position\":1,\"name\":\"Portada\",\"item\":\"https:\/\/420monterrey.com\/\"},{\"@type\":\"ListItem\",\"position\":2,\"name\":\"metatags1\"}]},{\"@type\":\"WebSite\",\"@id\":\"https:\/\/420monterrey.com\/#website\",\"url\":\"https:\/\/420monterrey.com\/\",\"name\":\"420Monterrey - Marihuana Premium en Monterrey - 00528135669557 \u2013 Eva Whatsapp Whatsapp - Comprar Marihuana Premium Monterrey Nuevo Leon, 420 Monterrey, Comunidad Cannabica de Monterrey\",\"description\":\"comprar cannabis Monterrey, cannabis legal Monterrey, tiendas de cannabis Monterrey, venta de cannabis Nuevo Le\u00f3n, comprar marihuana Monterrey, cannabis medicinal Monterrey, cannabis recreativo Monterrey, productos de cannabis Monterrey, acceso a cannabis Monterrey, dispensarios de cannabis Monterrey, flores de cannabis Monterrey, aceite de cannabis Monterrey, comestibles de cannabis Monterrey, concentrados de cannabis Monterrey, productos de CBD Monterrey,\",\"publisher\":{\"@id\":\"https:\/\/420monterrey.com\/#organization\"},\"potentialAction\":[{\"@type\":\"SearchAction\",\"target\":{\"@type\":\"EntryPoint\",\"urlTemplate\":\"https:\/\/420monterrey.com\/?s={search_term_string}\"},\"query-input\":{\"@type\":\"PropertyValueSpecification\",\"valueRequired\":true,\"valueName\":\"search_term_string\"}}],\"inLanguage\":\"es\"},{\"@type\":\"Organization\",\"@id\":\"https:\/\/420monterrey.com\/#organization\",\"name\":\"420Monterrey - Marihuana Premium en Monterrey - 00528135669557 \u2013 Eva Whatsapp Whatsapp - Comprar Marihuana Premium Monterrey Nuevo Leon, 420 Monterrey, Comunidad Cannabica de Monterrey\",\"url\":\"https:\/\/420monterrey.com\/\",\"logo\":{\"@type\":\"ImageObject\",\"inLanguage\":\"es\",\"@id\":\"https:\/\/420monterrey.com\/#\/schema\/logo\/image\/\",\"url\":\"https:\/\/420monterrey.com\/wp-content\/uploads\/2024\/10\/cropped-420mty1-1.jpg\",\"contentUrl\":\"https:\/\/420monterrey.com\/wp-content\/uploads\/2024\/10\/cropped-420mty1-1.jpg\",\"width\":225,\"height\":225,\"caption\":\"420Monterrey - Marihuana Premium en Monterrey - 00528135669557 \u2013 Eva Whatsapp Whatsapp - Comprar Marihuana Premium Monterrey Nuevo Leon, 420 Monterrey, Comunidad Cannabica de Monterrey\"},\"image\":{\"@id\":\"https:\/\/420monterrey.com\/#\/schema\/logo\/image\/\"}}]}<\/script>\n<!-- \/ Yoast SEO plugin. -->","yoast_head_json":{"title":"metatags1 - 420Monterrey - Marihuana Premium en Monterrey - 00528135669557 \u2013 Eva Whatsapp Whatsapp - Comprar Marihuana Premium Monterrey Nuevo Leon, 420 Monterrey, Comunidad Cannabica de Monterrey","robots":{"index":"index","follow":"follow","max-snippet":"max-snippet:-1","max-image-preview":"max-image-preview:large","max-video-preview":"max-video-preview:-1"},"canonical":"https:\/\/420monterrey.com\/index.php\/metatags1\/","og_locale":"es_ES","og_type":"article","og_title":"metatags1 - 420Monterrey - Marihuana Premium en Monterrey - 00528135669557 \u2013 Eva Whatsapp Whatsapp - Comprar Marihuana Premium Monterrey Nuevo Leon, 420 Monterrey, Comunidad Cannabica de Monterrey","og_description":"cannabis Monterrey, marihuana Monterrey, mota Monterrey, cannabis en Monterrey, marihuana en Monterrey, mota en Monterrey, dispensario cannabis Monterrey, tienda de cannabis Monterrey, compra de cannabis Monterrey, entrega de cannabis Monterrey, productos de cannabis Monterrey, cannabis medicinal Monterrey, marihuana medicinal Monterrey, mota medicinal Monterrey, dispensario de marihuana Monterrey, tienda de marihuana Monterrey, compra de marihuana Monterrey, [&hellip;]","og_url":"https:\/\/420monterrey.com\/index.php\/metatags1\/","og_site_name":"420Monterrey - Marihuana Premium en Monterrey - 00528135669557 \u2013 Eva Whatsapp Whatsapp - Comprar Marihuana Premium Monterrey Nuevo Leon, 420 Monterrey, Comunidad Cannabica de Monterrey","twitter_card":"summary_large_image","schema":{"@context":"https:\/\/schema.org","@graph":[{"@type":"WebPage","@id":"https:\/\/420monterrey.com\/index.php\/metatags1\/","url":"https:\/\/420monterrey.com\/index.php\/metatags1\/","name":"metatags1 - 420Monterrey - Marihuana Premium en Monterrey - 00528135669557 \u2013 Eva Whatsapp Whatsapp - Comprar Marihuana Premium Monterrey Nuevo Leon, 420 Monterrey, Comunidad Cannabica de Monterrey","isPartOf":{"@id":"https:\/\/420monterrey.com\/#website"},"datePublished":"2024-10-15T17:36:19+00:00","breadcrumb":{"@id":"https:\/\/420monterrey.com\/index.php\/metatags1\/#breadcrumb"},"inLanguage":"es","potentialAction":[{"@type":"ReadAction","target":["https:\/\/420monterrey.com\/index.php\/metatags1\/"]}]},{"@type":"BreadcrumbList","@id":"https:\/\/420monterrey.com\/index.php\/metatags1\/#breadcrumb","itemListElement":[{"@type":"ListItem","position":1,"name":"Portada","item":"https:\/\/420monterrey.com\/"},{"@type":"ListItem","position":2,"name":"metatags1"}]},{"@type":"WebSite","@id":"https:\/\/420monterrey.com\/#website","url":"https:\/\/420monterrey.com\/","name":"420Monterrey - Marihuana Premium en Monterrey - 00528135669557 \u2013 Eva Whatsapp Whatsapp - Comprar Marihuana Premium Monterrey Nuevo Leon, 420 Monterrey, Comunidad Cannabica de Monterrey","description":"comprar cannabis Monterrey, cannabis legal Monterrey, tiendas de cannabis Monterrey, venta de cannabis Nuevo Le\u00f3n, comprar marihuana Monterrey, cannabis medicinal Monterrey, cannabis recreativo Monterrey, productos de cannabis Monterrey, acceso a cannabis Monterrey, dispensarios de cannabis Monterrey, flores de cannabis Monterrey, aceite de cannabis Monterrey, comestibles de cannabis Monterrey, concentrados de cannabis Monterrey, productos de CBD Monterrey,","publisher":{"@id":"https:\/\/420monterrey.com\/#organization"},"potentialAction":[{"@type":"SearchAction","target":{"@type":"EntryPoint","urlTemplate":"https:\/\/420monterrey.com\/?s={search_term_string}"},"query-input":{"@type":"PropertyValueSpecification","valueRequired":true,"valueName":"search_term_string"}}],"inLanguage":"es"},{"@type":"Organization","@id":"https:\/\/420monterrey.com\/#organization","name":"420Monterrey - Marihuana Premium en Monterrey - 00528135669557 \u2013 Eva Whatsapp Whatsapp - Comprar Marihuana Premium Monterrey Nuevo Leon, 420 Monterrey, Comunidad Cannabica de Monterrey","url":"https:\/\/420monterrey.com\/","logo":{"@type":"ImageObject","inLanguage":"es","@id":"https:\/\/420monterrey.com\/#\/schema\/logo\/image\/","url":"https:\/\/420monterrey.com\/wp-content\/uploads\/2024\/10\/cropped-420mty1-1.jpg","contentUrl":"https:\/\/420monterrey.com\/wp-content\/uploads\/2024\/10\/cropped-420mty1-1.jpg","width":225,"height":225,"caption":"420Monterrey - Marihuana Premium en Monterrey - 00528135669557 \u2013 Eva Whatsapp Whatsapp - Comprar Marihuana Premium Monterrey Nuevo Leon, 420 Monterrey, Comunidad Cannabica de Monterrey"},"image":{"@id":"https:\/\/420monterrey.com\/#\/schema\/logo\/image\/"}}]}},"jetpack_sharing_enabled":true,"_links":{"self":[{"href":"https:\/\/420monterrey.com\/index.php\/wp-json\/wp\/v2\/pages\/174","targetHints":{"allow":["GET"]}}],"collection":[{"href":"https:\/\/420monterrey.com\/index.php\/wp-json\/wp\/v2\/pages"}],"about":[{"href":"https:\/\/420monterrey.com\/index.php\/wp-json\/wp\/v2\/types\/page"}],"author":[{"embeddable":true,"href":"https:\/\/420monterrey.com\/index.php\/wp-json\/wp\/v2\/users\/1"}],"replies":[{"embeddable":true,"href":"https:\/\/420monterrey.com\/index.php\/wp-json\/wp\/v2\/comments?post=174"}],"version-history":[{"count":1,"href":"https:\/\/420monterrey.com\/index.php\/wp-json\/wp\/v2\/pages\/174\/revisions"}],"predecessor-version":[{"id":175,"href":"https:\/\/420monterrey.com\/index.php\/wp-json\/wp\/v2\/pages\/174\/revisions\/175"}],"wp:attachment":[{"href":"https:\/\/420monterrey.com\/index.php\/wp-json\/wp\/v2\/media?parent=174"}],"curies":[{"name":"wp","href":"https:\/\/api.w.org\/{rel}","templated":true}]}}